4*q = q + 4*r - 7, -5*r = -2*q + 16. Suppose -2*a + 120 = q*a. Suppose -4*y - j - 9 = -5*y, 4*y - a = j. What are the prime factors of y?
5
Suppose -100 = -9*u + 116. Let p = u - 15. What are the prime factors of p?
3
Suppose 5*u - z = 1719 + 1622, 1346 = 2*u + 2*z. What are the prime factors of u?
3, 223
Let g(q) = -10*q - 4. Let d(c) = -c**3 + 8*c**2 + 2*c - 11. Let a be d(8). Suppose 12 = -a*p + p. What are the prime factors of g(p)?
2, 13
Suppose 3*t + 3 = 0, -10*t + 12*t = -u + 954. List the prime factors of u.
2, 239
Let q be 1/(-3) + (-21)/(-9). Let g be q/8 + 71/4. Suppose o = -2*c + g, 8*c = 3*c + 2*o + 63. What are the prime factors of c?
11
Let p = 26 + -21. Suppose -4*m = -p*v - 266, -3*m + 4*v = -5*m + 146. List the prime factors of m.
3, 23
Let t(d) = -d**3 + 11*d**2 - 11*d + 13. Let g be t(10). Suppose g*l + 21 = 6. What are the prime factors of (-82)/l*55/22?
41
Suppose 2*b = 3*b - 3. Suppose 36 = 3*x + 2*s, -4*x + 26 = -b*s - 39. List the prime factors of x.
2, 7
Let j(q) = q**2 - 5*q + 4. Let h be j(5). Suppose 0 = -h*w + 20, -i + 4*w = -20 - 23. What are the prime factors of i?
3, 7
Let u(l) = 23*l**3 + 3*l + 4. Let t be u(-2). Let f = t - -292. List the prime factors of f.
2, 53
Suppose u + 0 + 2 = 0. Let n = 4 - u. Suppose 2*w = 5*p + n, -5*w + p = -9 - 6. What are the prime factors of w?
3
Suppose -10 = -3*r + j, -4*j = 5*r - 3 - 8. Suppose -2*u - r*n - n + 26 = 0, -4*u + 5*n - 13 = 0. List the prime factors of u.
3
Suppose 3*p - 28 = 5*y, 5*p - 2 = -3*y + 22. Suppose -p*w + 520 = 2*w. What are the prime factors of w?
5, 13
Let k be 4/(-10) - (-72)/(-20). Let c be (56/(-7))/(k/18). Suppose -3*o - c = -6*o. List the prime factors of o.
2, 3
Let b = 17 + -15. Suppose 0 = -2*h - 8, b*h - 120 = -4*n - 2*h. What are the prime factors of n?
2, 17
Suppose -s + 12 = 2*s. Suppose -p + 5*u - s = -0*u, p + 4 = 4*u. List the prime factors of 40/16 + (-2)/p.
3
Let z be ((-1 - 1) + -8)/(-2). Let h be z/(-10) + 107/2. Let k = -26 + h. What are the prime factors of k?
3
Suppose 9*g + 16 = 8*g. Let x(i) = -i**2 - 14*i + 11. Let m(n) = -n**2 - 14*n + 10. Let a(d) = 3*m(d) - 4*x(d). What are the prime factors of a(g)?
2, 3
Let z = 3689 - 2229. What are the prime factors of z?
2, 5, 73
Let d be 65/(-26)*(-8)/10. Suppose d*u - 6*u + 184 = 0. List the prime factors of u.
2, 23
Suppose 4*u + 1670 - 14 = 0. Let m = -295 - u. What are the prime factors of m?
7, 17
Let d = -256 - -261. Let i be (160/(-3))/((-2)/6). Suppose -d*h + 10 = -i. List the prime factors of h.
2, 17
Suppose 0 = 5*a + 12*a - 2618. List the prime factors of a.
2, 7, 11
Let y(o) = 72*o - 42. What are the prime factors of y(9)?
2, 3, 101
Suppose -16*l + 6*l = -12900. List the prime factors of l.
2, 3, 5, 43
Let j be 3/(-18) + (-15843)/(-18). Suppose 7*i - j = 2*i. Suppose d = -4*r + 77, 3*r - 10 - i = -3*d. What are the prime factors of d?
3, 19
Let q(c) = 5*c + 2. Let z be q(-2). Let r = z - -8. Suppose r*f + 2*f - 24 = 0. What are the prime factors of f?
2, 3
Suppose 0 = -4*p - 8, p = -2*h + 3*h - 272. What are the prime factors of h?
2, 3, 5
Let d(r) = -4*r**3 + r. Let w be d(-1). Suppose -3*g - 5*h + 2 = 1, 5*g = w*h - 21. What are the prime factors of ((-2)/g)/(3/171)?
2, 19
Suppose 47*l + 875 = 40*l. Let p = l + 305. List the prime factors of p.
2, 3, 5
Suppose 6*p - 80 = 8*p. List the prime factors of (-52)/(-10) + 8/p.
5
Suppose 11*p + 2335 = 5*v + 6*p, 0 = -v - p + 477. What are the prime factors of v?
2, 59
Suppose -t = -44*t + 32723. What are the prime factors of t?
761
Suppose -i + 3*q + 2289 = -2371, -3*i + 14010 = -3*q. List the prime factors of i.
5, 11, 17
Suppose -17*s - 17*s = -128554. List the prime factors of s.
19, 199
What are the prime factors of (11 + 144 + 7)*(-20)/(-6)?
2, 3, 5
Let j be 42/24 - 2/(-8). Suppose 3*q - 3*c + 24 = 0, 5*q - c + j + 50 = 0. Let v = q + 18. List the prime factors of v.
7
What are the prime factors of (-749)/2*6/(-2 - 1)?
7, 107
Let d be (-150)/(-8) - (-6)/24. Let k = -4 - -6. List the prime factors of k/4*4*d.
2, 19
List the prime factors of (775 + -1)/((-90)/(-60)).
2, 3, 43
Suppose 1462 = i + 4*i + 3*y, 8 = 2*y. Suppose -3*a = 2*a - i. What are the prime factors of a?
2, 29
Suppose 8535 = 5*f + 3*w, -5*w + 4358 = 3*f - 779. What are the prime factors of f?
2, 3, 71
Let m = -22 + 25. Suppose -m*u + n + 120 = 0, 3*u + 5*n - 80 = u. Suppose 4*w - u = 32. List the prime factors of w.
2, 3
Let z(q) = -740*q + 109. List the prime factors of z(-2).
7, 227
Suppose -2*g - 3*g - 4*q = -39, 0 = -g + 4*q + 3. Let f(r) = r**3 - 8*r**2 + 8*r - 4. Let w be f(g). Suppose -w*i + 69 = -60. List the prime factors of i.
43
Let a(t) be the first derivative of t**4/4 - t**3 + 7*t**2/2 - 4*t - 5. Let c be a(3). What are the prime factors of (c/(-2) - -2)*-2?
13
Suppose 5*j - 261 = -2*z, -125 + 8 = -z + 2*j. Let y = -88 + z. What are the prime factors of y?
5, 7
Let f(q) = 16*q**2 - 4*q - 6. List the prime factors of f(-6).
2, 3, 11
Let p = 2 - 1. Let d be (-84)/30*(p + 4). List the prime factors of 1*3/(-6)*d.
7
Let o = -318 + 643. What are the prime factors of o?
5, 13
Let d = -310 + 567. What are the prime factors of d?
257
Suppose -9731 = -5*a - y, 0 = -2*a + 5*y - 10*y + 3874. List the prime factors of a.
3, 11, 59
Suppose 12*c - 4312 = 152. Suppose c = q + 3*q. List the prime factors of q.
3, 31
Suppose -10*o + 14 = -86. What are the prime factors of 1696/o + (-8)/(-20)?
2, 5, 17
Let m = -2478 + 5754. What are the prime factors of m?
2, 3, 7, 13
What are the prime factors of (-2)/(-3)*(173 + (-140)/10)?
2, 53
Let z(r) = r**3 - 2*r - 1. Let t be z(2). What are the prime factors of -167*t*(3 - (-10)/(-3))?
167
Let x(d) = -19*d - 8. List the prime factors of x(-10).
2, 7, 13
Suppose -2*z = -6*z - 4*l + 412, 4*z = -5*l + 407. Let j = 56 - 105. Let h = j + z. List the prime factors of h.
59
Let o = -2247 + 2863. List the prime factors of o.
2, 7, 11
Suppose -17*j = -26*j + 10521. List the prime factors of j.
7, 167
Let s = 17 - 14. Suppose 4*m = -4*z + 664, s*z - 2*m - 483 = -0*z. List the prime factors of z.
163
Let o(p) = -2*p**2 - 2*p + 2. Let i be o(-2). What are the prime factors of ((-78)/(-12))/((-1)/i)?
13
Let y(b) = b + 1. Let t be y(3). Suppose 20 = -0*i + t*i. Suppose -i*c - 2*p + 10 + 85 = 0, -c - 3*p = -19. List the prime factors of c.
19
Let t(s) = -30 - 9*s - 10*s - 9*s. What are the prime factors of t(-6)?
2, 3, 23
Suppose 3*y - 8 = -2. Suppose 4*u - 322 = -5*d + 461, -y*u + 159 = d. List the prime factors of d.
5, 31
Let m(q) = 582*q**2 - 21*q - 37. List the prime factors of m(-2).
2333
Let q = 572 - 580. Let v(n) be the first derivative of -n**3/3 - 6*n**2 - 17*n - 2. What are the prime factors of v(q)?
3, 5
Let t = -370 - -1369. List the prime factors of t.
3, 37
Let a = -319 - -465. List the prime factors of a/4*(2/2 + 1).
73
Suppose 763 = 5*t - m + 37, 142 = t - m. What are the prime factors of t?
2, 73
Let q(w) = -w**3 + 13*w**2 - 4*w + 17. Let c be q(13). Let o = c - -59. List the prime factors of o.
2, 3
Suppose x = -x - 2. Let v(p) = p**3 - 14*p**2 - 32*p - 3. Let w be v(16). What are the prime factors of (w/x)/(-3) - -34?
3, 11
Let n = 7156 - 4001. What are the prime factors of n?
5, 631
Let o = -4789 + 6830. Suppose -2*g + o = 11*g. List the prime factors of g.
157
Suppose 2*n - 201 = 5*n. Let k = n - -118. What are the prime factors of k?
3, 17
Let t(l) = -2*l**3 + l - 3. Let o = 37 - 14. Let b be 4 + 0 + (16 - o). List the prime factors of t(b).
2, 3
Suppose 2*a = -f + 85, 4*a + 5*f + 3 = 182. Suppose -3*y = -2*y - a. Suppose 0 = -2*z + 57 + y. List the prime factors of z.
7
Suppose o - 4*q - 933 = -153, -q + 770 = o. List the prime factors of o.
2, 193
Let t(s) = 257*s**2 - 5*s - 3. What are the prime factors of t(2)?
5, 7, 29
What are the prime factors of (-2 + 384/10)/((-1)/(-5))?
2, 7, 13
Suppose 4*l = 3*c + 40, 0 = -2*l - l - 5*c + 30. Let r be 25/l + (-9)/(-6). Suppose 0 = -3*h + j + 35, 2*h + 3*j + 14 = r*h. List the prime factors of h.
13
Suppose 4*r - 11 - 53 = -b, -2*r + 32 = 4*b. Suppose -3*v + v + r = 0. Suppose 4*t - v = 24. List the prime factors of t.
2
Let z(a) = a + 5 + 3 + 4 + 0. Let m be z(-9). Suppose 4*f - 3*n - 221 = 0, -4*n = 5*f - m*f - 116. List the prime factors of f.
2, 7
Let k = -5538 